{"id":5176,"date":"2024-03-27T17:13:52","date_gmt":"2024-03-27T16:13:52","guid":{"rendered":"https:\/\/derpsairer.it\/produkt\/preparato-per-canederli-allo-speck\/"},"modified":"2025-12-12T16:13:38","modified_gmt":"2025-12-12T15:13:38","slug":"preparato-per-canederli-allo-speck","status":"publish","type":"product","link":"https:\/\/derpsairer.it\/it\/produkt\/preparato-per-canederli-allo-speck\/","title":{"rendered":"Preparato per canederli allo speck"},"content":{"rendered":"<p data-start=\"87\" data-end=\"518\">Questo preparato per canederli allo speck di Stamser Gourmet permette di preparare facilmente i tradizionali canederli allo speck. La miscela viene mescolata con latte e uova, lasciata riposare brevemente e poi modellata in canederli. Dopo la cottura, si ottengono canederli succosi e aromatici con un tipico sapore sostanzioso. Ideale come piatto principale o contorno e particolarmente buono in combinazione con formaggio grattugiato.   <\/p>\n<ul>\n<li>meglio se con <a href=\"https:\/\/derpsairer.it\/it\/produkt\/granmonte-formaggio-da-grattugiare\/\">formaggio grattugiato GranMonte<\/a><\/li>\n<\/ul>\n<p>Contenuto: 260 g (per circa 4-6 canederli)<\/p>\n","protected":false},"excerpt":{"rendered":"<p>\u2022 Ricetta tradizionale<br data-start=\"957\" data-end=\"960\">\u2022 Facile preparazione<br data-start=\"982\" data-end=\"985\">\u2022 Sapore sostanzioso<br data-start=\"1008\" data-end=\"1011\">\u2022 Per sei canederli<br data-start=\"1029\" data-end=\"1032\">\u2022 Ideale come piatto principale<\/p>\n","protected":false},"featured_media":5178,"template":"","meta":[],"product_brand":[],"product_cat":[191],"product_tag":[1945,1519,1523,2585,282,2279,1517,2401,2008],"class_list":{"0":"post-5176","1":"product","2":"type-product","3":"status-publish","4":"has-post-thumbnail","6":"product_cat-altre-delizie","7":"product_tag-alto-adige","8":"product_tag-canederli","9":"product_tag-canederli-allo-speck","10":"product_tag-cucina-casalinga","11":"product_tag-feinkost","12":"product_tag-merenda-3","13":"product_tag-preparato","14":"product_tag-saporito-2","15":"product_tag-tradizionale","17":"first","18":"instock","19":"taxable","20":"shipping-taxable","21":"purchasable","22":"product-type-simple"},"yoast_head":"<!-- This site is optimized with the Yoast SEO plugin v27.5 - https:\/\/yoast.com\/product\/yoast-seo-wordpress\/ -->\n<title>Preparato per canederli allo speck \u2013 Il gusto originale dei canederli altoatesini - Der Psairer - Speck, Wurst, K\u00e4se<\/title>\n<meta name=\"description\" content=\"Preparato per canederli allo speck di Stamser Gourmet per canederli classici. Facile da preparare, dal sapore sostanzioso e ideale come piatto principale.\" \/>\n<meta name=\"robots\" content=\"index, follow, max-snippet:-1, max-image-preview:large, max-video-preview:-1\" \/>\n<link rel=\"canonical\" href=\"https:\/\/derpsairer.it\/it\/produkt\/preparato-per-canederli-allo-speck\/\" \/>\n<meta property=\"og:locale\" content=\"it_IT\" \/>\n<meta property=\"og:type\" content=\"article\" \/>\n<meta property=\"og:title\" content=\"Preparato per canederli allo speck \u2013 Il gusto originale dei canederli altoatesini - Der Psairer - Speck, Wurst, K\u00e4se\" \/>\n<meta property=\"og:description\" content=\"Preparato per canederli allo speck di Stamser Gourmet per canederli classici. Facile da preparare, dal sapore sostanzioso e ideale come piatto principale.\" \/>\n<meta property=\"og:url\" content=\"https:\/\/derpsairer.it\/it\/produkt\/preparato-per-canederli-allo-speck\/\" \/>\n<meta property=\"og:site_name\" content=\"Der Psairer - Speck, Wurst, K\u00e4se\" \/>\n<meta property=\"article:publisher\" content=\"https:\/\/www.facebook.com\/profile.php?id=100063648246860\" \/>\n<meta property=\"article:modified_time\" content=\"2025-12-12T15:13:38+00:00\" \/>\n<meta property=\"og:image\" content=\"https:\/\/derpsairer.it\/wp-22\/wp-content\/uploads\/2024\/03\/csm_Fertigmischung_Speckknoedel_32720e5efb-e1711556011760.webp\" \/>\n\t<meta property=\"og:image:width\" content=\"320\" \/>\n\t<meta property=\"og:image:height\" content=\"320\" \/>\n\t<meta property=\"og:image:type\" content=\"image\/webp\" \/>\n<script type=\"application\/ld+json\" class=\"yoast-schema-graph\">{\"@context\":\"https:\\\/\\\/schema.org\",\"@graph\":[{\"@type\":\"WebPage\",\"@id\":\"https:\\\/\\\/derpsairer.it\\\/it\\\/produkt\\\/preparato-per-canederli-allo-speck\\\/\",\"url\":\"https:\\\/\\\/derpsairer.it\\\/it\\\/produkt\\\/preparato-per-canederli-allo-speck\\\/\",\"name\":\"Preparato per canederli allo speck \u2013 Il gusto originale dei canederli altoatesini - Der Psairer - Speck, Wurst, K\u00e4se\",\"isPartOf\":{\"@id\":\"https:\\\/\\\/derpsairer.it\\\/it\\\/#website\"},\"primaryImageOfPage\":{\"@id\":\"https:\\\/\\\/derpsairer.it\\\/it\\\/produkt\\\/preparato-per-canederli-allo-speck\\\/#primaryimage\"},\"image\":{\"@id\":\"https:\\\/\\\/derpsairer.it\\\/it\\\/produkt\\\/preparato-per-canederli-allo-speck\\\/#primaryimage\"},\"thumbnailUrl\":\"https:\\\/\\\/derpsairer.it\\\/wp-22\\\/wp-content\\\/uploads\\\/2024\\\/03\\\/csm_Fertigmischung_Speckknoedel_32720e5efb-e1711556011760.webp\",\"datePublished\":\"2024-03-27T16:13:52+00:00\",\"dateModified\":\"2025-12-12T15:13:38+00:00\",\"description\":\"Preparato per canederli allo speck di Stamser Gourmet per canederli classici. Facile da preparare, dal sapore sostanzioso e ideale come piatto principale.\",\"breadcrumb\":{\"@id\":\"https:\\\/\\\/derpsairer.it\\\/it\\\/produkt\\\/preparato-per-canederli-allo-speck\\\/#breadcrumb\"},\"inLanguage\":\"it-IT\",\"potentialAction\":[{\"@type\":\"ReadAction\",\"target\":[\"https:\\\/\\\/derpsairer.it\\\/it\\\/produkt\\\/preparato-per-canederli-allo-speck\\\/\"]}]},{\"@type\":\"ImageObject\",\"inLanguage\":\"it-IT\",\"@id\":\"https:\\\/\\\/derpsairer.it\\\/it\\\/produkt\\\/preparato-per-canederli-allo-speck\\\/#primaryimage\",\"url\":\"https:\\\/\\\/derpsairer.it\\\/wp-22\\\/wp-content\\\/uploads\\\/2024\\\/03\\\/csm_Fertigmischung_Speckknoedel_32720e5efb-e1711556011760.webp\",\"contentUrl\":\"https:\\\/\\\/derpsairer.it\\\/wp-22\\\/wp-content\\\/uploads\\\/2024\\\/03\\\/csm_Fertigmischung_Speckknoedel_32720e5efb-e1711556011760.webp\",\"width\":320,\"height\":320},{\"@type\":\"BreadcrumbList\",\"@id\":\"https:\\\/\\\/derpsairer.it\\\/it\\\/produkt\\\/preparato-per-canederli-allo-speck\\\/#breadcrumb\",\"itemListElement\":[{\"@type\":\"ListItem\",\"position\":1,\"name\":\"Home\",\"item\":\"https:\\\/\\\/derpsairer.it\\\/it\\\/il-negozio-di-speck-der-psairer\\\/\"},{\"@type\":\"ListItem\",\"position\":2,\"name\":\"Shop\",\"item\":\"https:\\\/\\\/derpsairer.it\\\/shop\\\/\"},{\"@type\":\"ListItem\",\"position\":3,\"name\":\"Preparato per canederli allo speck\"}]},{\"@type\":\"WebSite\",\"@id\":\"https:\\\/\\\/derpsairer.it\\\/it\\\/#website\",\"url\":\"https:\\\/\\\/derpsairer.it\\\/it\\\/\",\"name\":\"Der Psairer - Speck, Wurst, K\u00e4se\",\"description\":\"Speck, Wurst und K\u00e4s aus Passeiertal in S\u00fcdtirol online bestellen.\",\"publisher\":{\"@id\":\"https:\\\/\\\/derpsairer.it\\\/it\\\/#organization\"},\"potentialAction\":[{\"@type\":\"SearchAction\",\"target\":{\"@type\":\"EntryPoint\",\"urlTemplate\":\"https:\\\/\\\/derpsairer.it\\\/it\\\/?s={search_term_string}\"},\"query-input\":{\"@type\":\"PropertyValueSpecification\",\"valueRequired\":true,\"valueName\":\"search_term_string\"}}],\"inLanguage\":\"it-IT\"},{\"@type\":\"Organization\",\"@id\":\"https:\\\/\\\/derpsairer.it\\\/it\\\/#organization\",\"name\":\"Der Psairer - Speck, Wurst, K\u00e4se\",\"url\":\"https:\\\/\\\/derpsairer.it\\\/it\\\/\",\"logo\":{\"@type\":\"ImageObject\",\"inLanguage\":\"it-IT\",\"@id\":\"https:\\\/\\\/derpsairer.it\\\/it\\\/#\\\/schema\\\/logo\\\/image\\\/\",\"url\":\"https:\\\/\\\/derpsairer.it\\\/wp-22\\\/wp-content\\\/uploads\\\/2020\\\/03\\\/DER-PSAIRER-LOGO-2x.png\",\"contentUrl\":\"https:\\\/\\\/derpsairer.it\\\/wp-22\\\/wp-content\\\/uploads\\\/2020\\\/03\\\/DER-PSAIRER-LOGO-2x.png\",\"width\":500,\"height\":500,\"caption\":\"Der Psairer - Speck, Wurst, K\u00e4se\"},\"image\":{\"@id\":\"https:\\\/\\\/derpsairer.it\\\/it\\\/#\\\/schema\\\/logo\\\/image\\\/\"},\"sameAs\":[\"https:\\\/\\\/www.facebook.com\\\/profile.php?id=100063648246860\"]}]}<\/script>\n<!-- \/ Yoast SEO plugin. -->","yoast_head_json":{"title":"Preparato per canederli allo speck \u2013 Il gusto originale dei canederli altoatesini - Der Psairer - Speck, Wurst, K\u00e4se","description":"Preparato per canederli allo speck di Stamser Gourmet per canederli classici. Facile da preparare, dal sapore sostanzioso e ideale come piatto principale.","robots":{"index":"index","follow":"follow","max-snippet":"max-snippet:-1","max-image-preview":"max-image-preview:large","max-video-preview":"max-video-preview:-1"},"canonical":"https:\/\/derpsairer.it\/it\/produkt\/preparato-per-canederli-allo-speck\/","og_locale":"it_IT","og_type":"article","og_title":"Preparato per canederli allo speck \u2013 Il gusto originale dei canederli altoatesini - Der Psairer - Speck, Wurst, K\u00e4se","og_description":"Preparato per canederli allo speck di Stamser Gourmet per canederli classici. Facile da preparare, dal sapore sostanzioso e ideale come piatto principale.","og_url":"https:\/\/derpsairer.it\/it\/produkt\/preparato-per-canederli-allo-speck\/","og_site_name":"Der Psairer - Speck, Wurst, K\u00e4se","article_publisher":"https:\/\/www.facebook.com\/profile.php?id=100063648246860","article_modified_time":"2025-12-12T15:13:38+00:00","og_image":[{"width":320,"height":320,"url":"https:\/\/derpsairer.it\/wp-22\/wp-content\/uploads\/2024\/03\/csm_Fertigmischung_Speckknoedel_32720e5efb-e1711556011760.webp","type":"image\/webp"}],"schema":{"@context":"https:\/\/schema.org","@graph":[{"@type":"WebPage","@id":"https:\/\/derpsairer.it\/it\/produkt\/preparato-per-canederli-allo-speck\/","url":"https:\/\/derpsairer.it\/it\/produkt\/preparato-per-canederli-allo-speck\/","name":"Preparato per canederli allo speck \u2013 Il gusto originale dei canederli altoatesini - Der Psairer - Speck, Wurst, K\u00e4se","isPartOf":{"@id":"https:\/\/derpsairer.it\/it\/#website"},"primaryImageOfPage":{"@id":"https:\/\/derpsairer.it\/it\/produkt\/preparato-per-canederli-allo-speck\/#primaryimage"},"image":{"@id":"https:\/\/derpsairer.it\/it\/produkt\/preparato-per-canederli-allo-speck\/#primaryimage"},"thumbnailUrl":"https:\/\/derpsairer.it\/wp-22\/wp-content\/uploads\/2024\/03\/csm_Fertigmischung_Speckknoedel_32720e5efb-e1711556011760.webp","datePublished":"2024-03-27T16:13:52+00:00","dateModified":"2025-12-12T15:13:38+00:00","description":"Preparato per canederli allo speck di Stamser Gourmet per canederli classici. Facile da preparare, dal sapore sostanzioso e ideale come piatto principale.","breadcrumb":{"@id":"https:\/\/derpsairer.it\/it\/produkt\/preparato-per-canederli-allo-speck\/#breadcrumb"},"inLanguage":"it-IT","potentialAction":[{"@type":"ReadAction","target":["https:\/\/derpsairer.it\/it\/produkt\/preparato-per-canederli-allo-speck\/"]}]},{"@type":"ImageObject","inLanguage":"it-IT","@id":"https:\/\/derpsairer.it\/it\/produkt\/preparato-per-canederli-allo-speck\/#primaryimage","url":"https:\/\/derpsairer.it\/wp-22\/wp-content\/uploads\/2024\/03\/csm_Fertigmischung_Speckknoedel_32720e5efb-e1711556011760.webp","contentUrl":"https:\/\/derpsairer.it\/wp-22\/wp-content\/uploads\/2024\/03\/csm_Fertigmischung_Speckknoedel_32720e5efb-e1711556011760.webp","width":320,"height":320},{"@type":"BreadcrumbList","@id":"https:\/\/derpsairer.it\/it\/produkt\/preparato-per-canederli-allo-speck\/#breadcrumb","itemListElement":[{"@type":"ListItem","position":1,"name":"Home","item":"https:\/\/derpsairer.it\/it\/il-negozio-di-speck-der-psairer\/"},{"@type":"ListItem","position":2,"name":"Shop","item":"https:\/\/derpsairer.it\/shop\/"},{"@type":"ListItem","position":3,"name":"Preparato per canederli allo speck"}]},{"@type":"WebSite","@id":"https:\/\/derpsairer.it\/it\/#website","url":"https:\/\/derpsairer.it\/it\/","name":"Der Psairer - Speck, Wurst, K\u00e4se","description":"Speck, Wurst und K\u00e4s aus Passeiertal in S\u00fcdtirol online bestellen.","publisher":{"@id":"https:\/\/derpsairer.it\/it\/#organization"},"potentialAction":[{"@type":"SearchAction","target":{"@type":"EntryPoint","urlTemplate":"https:\/\/derpsairer.it\/it\/?s={search_term_string}"},"query-input":{"@type":"PropertyValueSpecification","valueRequired":true,"valueName":"search_term_string"}}],"inLanguage":"it-IT"},{"@type":"Organization","@id":"https:\/\/derpsairer.it\/it\/#organization","name":"Der Psairer - Speck, Wurst, K\u00e4se","url":"https:\/\/derpsairer.it\/it\/","logo":{"@type":"ImageObject","inLanguage":"it-IT","@id":"https:\/\/derpsairer.it\/it\/#\/schema\/logo\/image\/","url":"https:\/\/derpsairer.it\/wp-22\/wp-content\/uploads\/2020\/03\/DER-PSAIRER-LOGO-2x.png","contentUrl":"https:\/\/derpsairer.it\/wp-22\/wp-content\/uploads\/2020\/03\/DER-PSAIRER-LOGO-2x.png","width":500,"height":500,"caption":"Der Psairer - Speck, Wurst, K\u00e4se"},"image":{"@id":"https:\/\/derpsairer.it\/it\/#\/schema\/logo\/image\/"},"sameAs":["https:\/\/www.facebook.com\/profile.php?id=100063648246860"]}]}},"_links":{"self":[{"href":"https:\/\/derpsairer.it\/it\/wp-json\/wp\/v2\/product\/5176","targetHints":{"allow":["GET"]}}],"collection":[{"href":"https:\/\/derpsairer.it\/it\/wp-json\/wp\/v2\/product"}],"about":[{"href":"https:\/\/derpsairer.it\/it\/wp-json\/wp\/v2\/types\/product"}],"wp:featuredmedia":[{"embeddable":true,"href":"https:\/\/derpsairer.it\/it\/wp-json\/wp\/v2\/media\/5178"}],"wp:attachment":[{"href":"https:\/\/derpsairer.it\/it\/wp-json\/wp\/v2\/media?parent=5176"}],"wp:term":[{"taxonomy":"product_brand","embeddable":true,"href":"https:\/\/derpsairer.it\/it\/wp-json\/wp\/v2\/product_brand?post=5176"},{"taxonomy":"product_cat","embeddable":true,"href":"https:\/\/derpsairer.it\/it\/wp-json\/wp\/v2\/product_cat?post=5176"},{"taxonomy":"product_tag","embeddable":true,"href":"https:\/\/derpsairer.it\/it\/wp-json\/wp\/v2\/product_tag?post=5176"}],"curies":[{"name":"wp","href":"https:\/\/api.w.org\/{rel}","templated":true}]}}

<!-- This site is optimized with the Yoast SEO plugin v27.5 - https://yoast.com/product/yoast-seo-wordpress/ -->
<title>Preparato per canederli allo speck – Il gusto originale dei canederli altoatesini - Der Psairer - Speck, Wurst, Käse</title>
<meta name="description" content="Preparato per canederli allo speck di Stamser Gourmet per canederli classici. Facile da preparare, dal sapore sostanzioso e ideale come piatto principale." />
<meta name="robots" content="index, follow, max-snippet:-1, max-image-preview:large, max-video-preview:-1" />
<link rel="canonical" href="https://derpsairer.it/it/produkt/preparato-per-canederli-allo-speck/" />
<meta property="og:locale" content="it_IT" />
<meta property="og:type" content="article" />
<meta property="og:title" content="Preparato per canederli allo speck – Il gusto originale dei canederli altoatesini - Der Psairer - Speck, Wurst, Käse" />
<meta property="og:description" content="Preparato per canederli allo speck di Stamser Gourmet per canederli classici. Facile da preparare, dal sapore sostanzioso e ideale come piatto principale." />
<meta property="og:url" content="https://derpsairer.it/it/produkt/preparato-per-canederli-allo-speck/" />
<meta property="og:site_name" content="Der Psairer - Speck, Wurst, Käse" />
<meta property="article:publisher" content="https://www.facebook.com/profile.php?id=100063648246860" />
<meta property="article:modified_time" content="2025-12-12T15:13:38+00:00" />
<meta property="og:image" content="https://derpsairer.it/wp-22/wp-content/uploads/2024/03/csm_Fertigmischung_Speckknoedel_32720e5efb-e1711556011760.webp" />
	<meta property="og:image:width" content="320" />
	<meta property="og:image:height" content="320" />
	<meta property="og:image:type" content="image/webp" />
<script type="application/ld+json" class="yoast-schema-graph">{"@context":"https:\/\/schema.org","@graph":[{"@type":"WebPage","@id":"https:\/\/derpsairer.it\/it\/produkt\/preparato-per-canederli-allo-speck\/","url":"https:\/\/derpsairer.it\/it\/produkt\/preparato-per-canederli-allo-speck\/","name":"Preparato per canederli allo speck – Il gusto originale dei canederli altoatesini - Der Psairer - Speck, Wurst, Käse","isPartOf":{"@id":"https:\/\/derpsairer.it\/it\/#website"},"primaryImageOfPage":{"@id":"https:\/\/derpsairer.it\/it\/produkt\/preparato-per-canederli-allo-speck\/#primaryimage"},"image":{"@id":"https:\/\/derpsairer.it\/it\/produkt\/preparato-per-canederli-allo-speck\/#primaryimage"},"thumbnailUrl":"https:\/\/derpsairer.it\/wp-22\/wp-content\/uploads\/2024\/03\/csm_Fertigmischung_Speckknoedel_32720e5efb-e1711556011760.webp","datePublished":"2024-03-27T16:13:52+00:00","dateModified":"2025-12-12T15:13:38+00:00","description":"Preparato per canederli allo speck di Stamser Gourmet per canederli classici. Facile da preparare, dal sapore sostanzioso e ideale come piatto principale.","breadcrumb":{"@id":"https:\/\/derpsairer.it\/it\/produkt\/preparato-per-canederli-allo-speck\/#breadcrumb"},"inLanguage":"it-IT","potentialAction":[{"@type":"ReadAction","target":["https:\/\/derpsairer.it\/it\/produkt\/preparato-per-canederli-allo-speck\/"]}]},{"@type":"ImageObject","inLanguage":"it-IT","@id":"https:\/\/derpsairer.it\/it\/produkt\/preparato-per-canederli-allo-speck\/#primaryimage","url":"https:\/\/derpsairer.it\/wp-22\/wp-content\/uploads\/2024\/03\/csm_Fertigmischung_Speckknoedel_32720e5efb-e1711556011760.webp","contentUrl":"https:\/\/derpsairer.it\/wp-22\/wp-content\/uploads\/2024\/03\/csm_Fertigmischung_Speckknoedel_32720e5efb-e1711556011760.webp","width":320,"height":320},{"@type":"BreadcrumbList","@id":"https:\/\/derpsairer.it\/it\/produkt\/preparato-per-canederli-allo-speck\/#breadcrumb","itemListElement":[{"@type":"ListItem","position":1,"name":"Home","item":"https:\/\/derpsairer.it\/it\/il-negozio-di-speck-der-psairer\/"},{"@type":"ListItem","position":2,"name":"Shop","item":"https:\/\/derpsairer.it\/shop\/"},{"@type":"ListItem","position":3,"name":"Preparato per canederli allo speck"}]},{"@type":"WebSite","@id":"https:\/\/derpsairer.it\/it\/#website","url":"https:\/\/derpsairer.it\/it\/","name":"Der Psairer - Speck, Wurst, Käse","description":"Speck, Wurst und Käs aus Passeiertal in Südtirol online bestellen.","publisher":{"@id":"https:\/\/derpsairer.it\/it\/#organization"},"potentialAction":[{"@type":"SearchAction","target":{"@type":"EntryPoint","urlTemplate":"https:\/\/derpsairer.it\/it\/?s={search_term_string}"},"query-input":{"@type":"PropertyValueSpecification","valueRequired":true,"valueName":"search_term_string"}}],"inLanguage":"it-IT"},{"@type":"Organization","@id":"https:\/\/derpsairer.it\/it\/#organization","name":"Der Psairer - Speck, Wurst, Käse","url":"https:\/\/derpsairer.it\/it\/","logo":{"@type":"ImageObject","inLanguage":"it-IT","@id":"https:\/\/derpsairer.it\/it\/#\/schema\/logo\/image\/","url":"https:\/\/derpsairer.it\/wp-22\/wp-content\/uploads\/2020\/03\/DER-PSAIRER-LOGO-2x.png","contentUrl":"https:\/\/derpsairer.it\/wp-22\/wp-content\/uploads\/2020\/03\/DER-PSAIRER-LOGO-2x.png","width":500,"height":500,"caption":"Der Psairer - Speck, Wurst, Käse"},"image":{"@id":"https:\/\/derpsairer.it\/it\/#\/schema\/logo\/image\/"},"sameAs":["https:\/\/www.facebook.com\/profile.php?id=100063648246860"]}]}</script>
<!-- / Yoast SEO plugin. -->

Preparato per canederli allo speck – Il gusto originale dei canederli altoatesini - Der Psairer - Speck, Wurst, Käse

Der Psairer - Speck, Wurst, Käse

Speck, Wurst und Käs aus Passeiertal in Südtirol online bestellen.
