{"id":5490,"date":"2024-02-23T12:16:49","date_gmt":"2024-02-23T11:16:49","guid":{"rendered":"https:\/\/derpsairer.it\/produkt\/infuso-di-erbe-di-montagna\/"},"modified":"2025-12-13T14:52:29","modified_gmt":"2025-12-13T13:52:29","slug":"infuso-di-erbe-di-montagna","status":"publish","type":"product","link":"https:\/\/derpsairer.it\/it\/produkt\/infuso-di-erbe-di-montagna\/","title":{"rendered":"Infuso di erbe di montagna \u2013 tisana alle erbe benefica delle Alpi"},"content":{"rendered":"<p data-start=\"78\" data-end=\"544\">L&#8217;infuso di erbe di montagna \u00e8 una miscela armoniosa di erbe alpine selezionate e convince con un aroma intenso e naturale. Infuso caldo, sprigiona un profumo benefico che ricorda l&#8217;aria limpida di montagna ed \u00e8 ideale per momenti di piacere rilassanti o dopo i pasti. Anche gustato freddo, questo infuso di erbe \u00e8 rinfrescante ed equilibrato. Prodotto tradizionalmente nelle Alpi, \u00e8 sinonimo di piacere del t\u00e8 naturale.   <\/p>\n<p>Contenuto 70 g<\/p>\n","protected":false},"excerpt":{"rendered":"<p>\u2022 Miscela di erbe alpine<br data-start=\"955\" data-end=\"958\">\u2022 Aroma naturale<br data-start=\"977\" data-end=\"980\">\u2022 Benefico e rinfrescante<br data-start=\"1007\" data-end=\"1010\">\u2022 Da gustare caldo o freddo<br data-start=\"1036\" data-end=\"1039\">\u2022 Prodotto tradizionalmente<\/p>\n","protected":false},"featured_media":5684,"template":"","meta":[],"product_brand":[],"product_cat":[191],"product_tag":[1899,1909,1900,2040,1902,1907,1905],"class_list":{"0":"post-5490","1":"product","2":"type-product","3":"status-publish","4":"has-post-thumbnail","6":"product_cat-altre-delizie","7":"product_tag-alpi","8":"product_tag-benefico","9":"product_tag-infuso","10":"product_tag-naturale","11":"product_tag-relax","12":"product_tag-te","13":"product_tag-tisana","15":"first","16":"instock","17":"taxable","18":"shipping-taxable","19":"purchasable","20":"product-type-simple"},"yoast_head":"<!-- This site is optimized with the Yoast SEO plugin v27.5 - https:\/\/yoast.com\/product\/yoast-seo-wordpress\/ -->\n<title>Infuso di erbe di montagna \u2013 Benefico t\u00e8 alle erbe delle Alpi - Der Psairer - Speck, Wurst, K\u00e4se<\/title>\n<meta name=\"description\" content=\"L&#039;infuso di erbe di montagna Alpen \u00e8 una miscela di erbe benefica con un aroma intenso, ideale per il relax e i momenti di piacere.\" \/>\n<meta name=\"robots\" content=\"index, follow, max-snippet:-1, max-image-preview:large, max-video-preview:-1\" \/>\n<link rel=\"canonical\" href=\"https:\/\/derpsairer.it\/it\/produkt\/infuso-di-erbe-di-montagna\/\" \/>\n<meta property=\"og:locale\" content=\"it_IT\" \/>\n<meta property=\"og:type\" content=\"article\" \/>\n<meta property=\"og:title\" content=\"Infuso di erbe di montagna \u2013 Benefico t\u00e8 alle erbe delle Alpi - Der Psairer - Speck, Wurst, K\u00e4se\" \/>\n<meta property=\"og:description\" content=\"L&#039;infuso di erbe di montagna Alpen \u00e8 una miscela di erbe benefica con un aroma intenso, ideale per il relax e i momenti di piacere.\" \/>\n<meta property=\"og:url\" content=\"https:\/\/derpsairer.it\/it\/produkt\/infuso-di-erbe-di-montagna\/\" \/>\n<meta property=\"og:site_name\" content=\"Der Psairer - Speck, Wurst, K\u00e4se\" \/>\n<meta property=\"article:publisher\" content=\"https:\/\/www.facebook.com\/profile.php?id=100063648246860\" \/>\n<meta property=\"article:modified_time\" content=\"2025-12-13T13:52:29+00:00\" \/>\n<meta property=\"og:image\" content=\"https:\/\/derpsairer.it\/wp-22\/wp-content\/uploads\/2024\/02\/Gebirgskraeuteraufguss.jpg\" \/>\n\t<meta property=\"og:image:width\" content=\"924\" \/>\n\t<meta property=\"og:image:height\" content=\"1386\" \/>\n\t<meta property=\"og:image:type\" content=\"image\/jpeg\" \/>\n<script type=\"application\/ld+json\" class=\"yoast-schema-graph\">{\"@context\":\"https:\\\/\\\/schema.org\",\"@graph\":[{\"@type\":\"WebPage\",\"@id\":\"https:\\\/\\\/derpsairer.it\\\/it\\\/produkt\\\/infuso-di-erbe-di-montagna\\\/\",\"url\":\"https:\\\/\\\/derpsairer.it\\\/it\\\/produkt\\\/infuso-di-erbe-di-montagna\\\/\",\"name\":\"Infuso di erbe di montagna \u2013 Benefico t\u00e8 alle erbe delle Alpi - Der Psairer - Speck, Wurst, K\u00e4se\",\"isPartOf\":{\"@id\":\"https:\\\/\\\/derpsairer.it\\\/it\\\/#website\"},\"primaryImageOfPage\":{\"@id\":\"https:\\\/\\\/derpsairer.it\\\/it\\\/produkt\\\/infuso-di-erbe-di-montagna\\\/#primaryimage\"},\"image\":{\"@id\":\"https:\\\/\\\/derpsairer.it\\\/it\\\/produkt\\\/infuso-di-erbe-di-montagna\\\/#primaryimage\"},\"thumbnailUrl\":\"https:\\\/\\\/derpsairer.it\\\/wp-22\\\/wp-content\\\/uploads\\\/2024\\\/02\\\/Gebirgskraeuteraufguss.jpg\",\"datePublished\":\"2024-02-23T11:16:49+00:00\",\"dateModified\":\"2025-12-13T13:52:29+00:00\",\"description\":\"L'infuso di erbe di montagna Alpen \u00e8 una miscela di erbe benefica con un aroma intenso, ideale per il relax e i momenti di piacere.\",\"breadcrumb\":{\"@id\":\"https:\\\/\\\/derpsairer.it\\\/it\\\/produkt\\\/infuso-di-erbe-di-montagna\\\/#breadcrumb\"},\"inLanguage\":\"it-IT\",\"potentialAction\":[{\"@type\":\"ReadAction\",\"target\":[\"https:\\\/\\\/derpsairer.it\\\/it\\\/produkt\\\/infuso-di-erbe-di-montagna\\\/\"]}]},{\"@type\":\"ImageObject\",\"inLanguage\":\"it-IT\",\"@id\":\"https:\\\/\\\/derpsairer.it\\\/it\\\/produkt\\\/infuso-di-erbe-di-montagna\\\/#primaryimage\",\"url\":\"https:\\\/\\\/derpsairer.it\\\/wp-22\\\/wp-content\\\/uploads\\\/2024\\\/02\\\/Gebirgskraeuteraufguss.jpg\",\"contentUrl\":\"https:\\\/\\\/derpsairer.it\\\/wp-22\\\/wp-content\\\/uploads\\\/2024\\\/02\\\/Gebirgskraeuteraufguss.jpg\",\"width\":924,\"height\":1386},{\"@type\":\"BreadcrumbList\",\"@id\":\"https:\\\/\\\/derpsairer.it\\\/it\\\/produkt\\\/infuso-di-erbe-di-montagna\\\/#breadcrumb\",\"itemListElement\":[{\"@type\":\"ListItem\",\"position\":1,\"name\":\"Home\",\"item\":\"https:\\\/\\\/derpsairer.it\\\/it\\\/il-negozio-di-speck-der-psairer\\\/\"},{\"@type\":\"ListItem\",\"position\":2,\"name\":\"Shop\",\"item\":\"https:\\\/\\\/derpsairer.it\\\/shop\\\/\"},{\"@type\":\"ListItem\",\"position\":3,\"name\":\"Infuso di erbe di montagna \u2013 tisana alle erbe benefica delle Alpi\"}]},{\"@type\":\"WebSite\",\"@id\":\"https:\\\/\\\/derpsairer.it\\\/it\\\/#website\",\"url\":\"https:\\\/\\\/derpsairer.it\\\/it\\\/\",\"name\":\"Der Psairer - Speck, Wurst, K\u00e4se\",\"description\":\"Speck, Wurst und K\u00e4s aus Passeiertal in S\u00fcdtirol online bestellen.\",\"publisher\":{\"@id\":\"https:\\\/\\\/derpsairer.it\\\/it\\\/#organization\"},\"potentialAction\":[{\"@type\":\"SearchAction\",\"target\":{\"@type\":\"EntryPoint\",\"urlTemplate\":\"https:\\\/\\\/derpsairer.it\\\/it\\\/?s={search_term_string}\"},\"query-input\":{\"@type\":\"PropertyValueSpecification\",\"valueRequired\":true,\"valueName\":\"search_term_string\"}}],\"inLanguage\":\"it-IT\"},{\"@type\":\"Organization\",\"@id\":\"https:\\\/\\\/derpsairer.it\\\/it\\\/#organization\",\"name\":\"Der Psairer - Speck, Wurst, K\u00e4se\",\"url\":\"https:\\\/\\\/derpsairer.it\\\/it\\\/\",\"logo\":{\"@type\":\"ImageObject\",\"inLanguage\":\"it-IT\",\"@id\":\"https:\\\/\\\/derpsairer.it\\\/it\\\/#\\\/schema\\\/logo\\\/image\\\/\",\"url\":\"https:\\\/\\\/derpsairer.it\\\/wp-22\\\/wp-content\\\/uploads\\\/2020\\\/03\\\/DER-PSAIRER-LOGO-2x.png\",\"contentUrl\":\"https:\\\/\\\/derpsairer.it\\\/wp-22\\\/wp-content\\\/uploads\\\/2020\\\/03\\\/DER-PSAIRER-LOGO-2x.png\",\"width\":500,\"height\":500,\"caption\":\"Der Psairer - Speck, Wurst, K\u00e4se\"},\"image\":{\"@id\":\"https:\\\/\\\/derpsairer.it\\\/it\\\/#\\\/schema\\\/logo\\\/image\\\/\"},\"sameAs\":[\"https:\\\/\\\/www.facebook.com\\\/profile.php?id=100063648246860\"]}]}<\/script>\n<!-- \/ Yoast SEO plugin. -->","yoast_head_json":{"title":"Infuso di erbe di montagna \u2013 Benefico t\u00e8 alle erbe delle Alpi - Der Psairer - Speck, Wurst, K\u00e4se","description":"L'infuso di erbe di montagna Alpen \u00e8 una miscela di erbe benefica con un aroma intenso, ideale per il relax e i momenti di piacere.","robots":{"index":"index","follow":"follow","max-snippet":"max-snippet:-1","max-image-preview":"max-image-preview:large","max-video-preview":"max-video-preview:-1"},"canonical":"https:\/\/derpsairer.it\/it\/produkt\/infuso-di-erbe-di-montagna\/","og_locale":"it_IT","og_type":"article","og_title":"Infuso di erbe di montagna \u2013 Benefico t\u00e8 alle erbe delle Alpi - Der Psairer - Speck, Wurst, K\u00e4se","og_description":"L'infuso di erbe di montagna Alpen \u00e8 una miscela di erbe benefica con un aroma intenso, ideale per il relax e i momenti di piacere.","og_url":"https:\/\/derpsairer.it\/it\/produkt\/infuso-di-erbe-di-montagna\/","og_site_name":"Der Psairer - Speck, Wurst, K\u00e4se","article_publisher":"https:\/\/www.facebook.com\/profile.php?id=100063648246860","article_modified_time":"2025-12-13T13:52:29+00:00","og_image":[{"width":924,"height":1386,"url":"https:\/\/derpsairer.it\/wp-22\/wp-content\/uploads\/2024\/02\/Gebirgskraeuteraufguss.jpg","type":"image\/jpeg"}],"schema":{"@context":"https:\/\/schema.org","@graph":[{"@type":"WebPage","@id":"https:\/\/derpsairer.it\/it\/produkt\/infuso-di-erbe-di-montagna\/","url":"https:\/\/derpsairer.it\/it\/produkt\/infuso-di-erbe-di-montagna\/","name":"Infuso di erbe di montagna \u2013 Benefico t\u00e8 alle erbe delle Alpi - Der Psairer - Speck, Wurst, K\u00e4se","isPartOf":{"@id":"https:\/\/derpsairer.it\/it\/#website"},"primaryImageOfPage":{"@id":"https:\/\/derpsairer.it\/it\/produkt\/infuso-di-erbe-di-montagna\/#primaryimage"},"image":{"@id":"https:\/\/derpsairer.it\/it\/produkt\/infuso-di-erbe-di-montagna\/#primaryimage"},"thumbnailUrl":"https:\/\/derpsairer.it\/wp-22\/wp-content\/uploads\/2024\/02\/Gebirgskraeuteraufguss.jpg","datePublished":"2024-02-23T11:16:49+00:00","dateModified":"2025-12-13T13:52:29+00:00","description":"L'infuso di erbe di montagna Alpen \u00e8 una miscela di erbe benefica con un aroma intenso, ideale per il relax e i momenti di piacere.","breadcrumb":{"@id":"https:\/\/derpsairer.it\/it\/produkt\/infuso-di-erbe-di-montagna\/#breadcrumb"},"inLanguage":"it-IT","potentialAction":[{"@type":"ReadAction","target":["https:\/\/derpsairer.it\/it\/produkt\/infuso-di-erbe-di-montagna\/"]}]},{"@type":"ImageObject","inLanguage":"it-IT","@id":"https:\/\/derpsairer.it\/it\/produkt\/infuso-di-erbe-di-montagna\/#primaryimage","url":"https:\/\/derpsairer.it\/wp-22\/wp-content\/uploads\/2024\/02\/Gebirgskraeuteraufguss.jpg","contentUrl":"https:\/\/derpsairer.it\/wp-22\/wp-content\/uploads\/2024\/02\/Gebirgskraeuteraufguss.jpg","width":924,"height":1386},{"@type":"BreadcrumbList","@id":"https:\/\/derpsairer.it\/it\/produkt\/infuso-di-erbe-di-montagna\/#breadcrumb","itemListElement":[{"@type":"ListItem","position":1,"name":"Home","item":"https:\/\/derpsairer.it\/it\/il-negozio-di-speck-der-psairer\/"},{"@type":"ListItem","position":2,"name":"Shop","item":"https:\/\/derpsairer.it\/shop\/"},{"@type":"ListItem","position":3,"name":"Infuso di erbe di montagna \u2013 tisana alle erbe benefica delle Alpi"}]},{"@type":"WebSite","@id":"https:\/\/derpsairer.it\/it\/#website","url":"https:\/\/derpsairer.it\/it\/","name":"Der Psairer - Speck, Wurst, K\u00e4se","description":"Speck, Wurst und K\u00e4s aus Passeiertal in S\u00fcdtirol online bestellen.","publisher":{"@id":"https:\/\/derpsairer.it\/it\/#organization"},"potentialAction":[{"@type":"SearchAction","target":{"@type":"EntryPoint","urlTemplate":"https:\/\/derpsairer.it\/it\/?s={search_term_string}"},"query-input":{"@type":"PropertyValueSpecification","valueRequired":true,"valueName":"search_term_string"}}],"inLanguage":"it-IT"},{"@type":"Organization","@id":"https:\/\/derpsairer.it\/it\/#organization","name":"Der Psairer - Speck, Wurst, K\u00e4se","url":"https:\/\/derpsairer.it\/it\/","logo":{"@type":"ImageObject","inLanguage":"it-IT","@id":"https:\/\/derpsairer.it\/it\/#\/schema\/logo\/image\/","url":"https:\/\/derpsairer.it\/wp-22\/wp-content\/uploads\/2020\/03\/DER-PSAIRER-LOGO-2x.png","contentUrl":"https:\/\/derpsairer.it\/wp-22\/wp-content\/uploads\/2020\/03\/DER-PSAIRER-LOGO-2x.png","width":500,"height":500,"caption":"Der Psairer - Speck, Wurst, K\u00e4se"},"image":{"@id":"https:\/\/derpsairer.it\/it\/#\/schema\/logo\/image\/"},"sameAs":["https:\/\/www.facebook.com\/profile.php?id=100063648246860"]}]}},"_links":{"self":[{"href":"https:\/\/derpsairer.it\/it\/wp-json\/wp\/v2\/product\/5490","targetHints":{"allow":["GET"]}}],"collection":[{"href":"https:\/\/derpsairer.it\/it\/wp-json\/wp\/v2\/product"}],"about":[{"href":"https:\/\/derpsairer.it\/it\/wp-json\/wp\/v2\/types\/product"}],"wp:featuredmedia":[{"embeddable":true,"href":"https:\/\/derpsairer.it\/it\/wp-json\/wp\/v2\/media\/5684"}],"wp:attachment":[{"href":"https:\/\/derpsairer.it\/it\/wp-json\/wp\/v2\/media?parent=5490"}],"wp:term":[{"taxonomy":"product_brand","embeddable":true,"href":"https:\/\/derpsairer.it\/it\/wp-json\/wp\/v2\/product_brand?post=5490"},{"taxonomy":"product_cat","embeddable":true,"href":"https:\/\/derpsairer.it\/it\/wp-json\/wp\/v2\/product_cat?post=5490"},{"taxonomy":"product_tag","embeddable":true,"href":"https:\/\/derpsairer.it\/it\/wp-json\/wp\/v2\/product_tag?post=5490"}],"curies":[{"name":"wp","href":"https:\/\/api.w.org\/{rel}","templated":true}]}}

<p data-start="78" data-end="544">L&#8217;infuso di erbe di montagna è una miscela armoniosa di erbe alpine selezionate e convince con un aroma intenso e naturale. Infuso caldo, sprigiona un profumo benefico che ricorda l&#8217;aria limpida di montagna ed è ideale per momenti di piacere rilassanti o dopo i pasti. Anche gustato freddo, questo infuso di erbe è rinfrescante ed equilibrato. Prodotto tradizionalmente nelle Alpi, è sinonimo di piacere del tè naturale.   </p>
<p>Contenuto 70 g</p>

<!-- This site is optimized with the Yoast SEO plugin v27.5 - https://yoast.com/product/yoast-seo-wordpress/ -->
<title>Infuso di erbe di montagna – Benefico tè alle erbe delle Alpi - Der Psairer - Speck, Wurst, Käse</title>
<meta name="description" content="L&#039;infuso di erbe di montagna Alpen è una miscela di erbe benefica con un aroma intenso, ideale per il relax e i momenti di piacere." />
<meta name="robots" content="index, follow, max-snippet:-1, max-image-preview:large, max-video-preview:-1" />
<link rel="canonical" href="https://derpsairer.it/it/produkt/infuso-di-erbe-di-montagna/" />
<meta property="og:locale" content="it_IT" />
<meta property="og:type" content="article" />
<meta property="og:title" content="Infuso di erbe di montagna – Benefico tè alle erbe delle Alpi - Der Psairer - Speck, Wurst, Käse" />
<meta property="og:description" content="L&#039;infuso di erbe di montagna Alpen è una miscela di erbe benefica con un aroma intenso, ideale per il relax e i momenti di piacere." />
<meta property="og:url" content="https://derpsairer.it/it/produkt/infuso-di-erbe-di-montagna/" />
<meta property="og:site_name" content="Der Psairer - Speck, Wurst, Käse" />
<meta property="article:publisher" content="https://www.facebook.com/profile.php?id=100063648246860" />
<meta property="article:modified_time" content="2025-12-13T13:52:29+00:00" />
<meta property="og:image" content="https://derpsairer.it/wp-22/wp-content/uploads/2024/02/Gebirgskraeuteraufguss.jpg" />
	<meta property="og:image:width" content="924" />
	<meta property="og:image:height" content="1386" />
	<meta property="og:image:type" content="image/jpeg" />
<script type="application/ld+json" class="yoast-schema-graph">{"@context":"https:\/\/schema.org","@graph":[{"@type":"WebPage","@id":"https:\/\/derpsairer.it\/it\/produkt\/infuso-di-erbe-di-montagna\/","url":"https:\/\/derpsairer.it\/it\/produkt\/infuso-di-erbe-di-montagna\/","name":"Infuso di erbe di montagna – Benefico tè alle erbe delle Alpi - Der Psairer - Speck, Wurst, Käse","isPartOf":{"@id":"https:\/\/derpsairer.it\/it\/#website"},"primaryImageOfPage":{"@id":"https:\/\/derpsairer.it\/it\/produkt\/infuso-di-erbe-di-montagna\/#primaryimage"},"image":{"@id":"https:\/\/derpsairer.it\/it\/produkt\/infuso-di-erbe-di-montagna\/#primaryimage"},"thumbnailUrl":"https:\/\/derpsairer.it\/wp-22\/wp-content\/uploads\/2024\/02\/Gebirgskraeuteraufguss.jpg","datePublished":"2024-02-23T11:16:49+00:00","dateModified":"2025-12-13T13:52:29+00:00","description":"L'infuso di erbe di montagna Alpen è una miscela di erbe benefica con un aroma intenso, ideale per il relax e i momenti di piacere.","breadcrumb":{"@id":"https:\/\/derpsairer.it\/it\/produkt\/infuso-di-erbe-di-montagna\/#breadcrumb"},"inLanguage":"it-IT","potentialAction":[{"@type":"ReadAction","target":["https:\/\/derpsairer.it\/it\/produkt\/infuso-di-erbe-di-montagna\/"]}]},{"@type":"ImageObject","inLanguage":"it-IT","@id":"https:\/\/derpsairer.it\/it\/produkt\/infuso-di-erbe-di-montagna\/#primaryimage","url":"https:\/\/derpsairer.it\/wp-22\/wp-content\/uploads\/2024\/02\/Gebirgskraeuteraufguss.jpg","contentUrl":"https:\/\/derpsairer.it\/wp-22\/wp-content\/uploads\/2024\/02\/Gebirgskraeuteraufguss.jpg","width":924,"height":1386},{"@type":"BreadcrumbList","@id":"https:\/\/derpsairer.it\/it\/produkt\/infuso-di-erbe-di-montagna\/#breadcrumb","itemListElement":[{"@type":"ListItem","position":1,"name":"Home","item":"https:\/\/derpsairer.it\/it\/il-negozio-di-speck-der-psairer\/"},{"@type":"ListItem","position":2,"name":"Shop","item":"https:\/\/derpsairer.it\/shop\/"},{"@type":"ListItem","position":3,"name":"Infuso di erbe di montagna – tisana alle erbe benefica delle Alpi"}]},{"@type":"WebSite","@id":"https:\/\/derpsairer.it\/it\/#website","url":"https:\/\/derpsairer.it\/it\/","name":"Der Psairer - Speck, Wurst, Käse","description":"Speck, Wurst und Käs aus Passeiertal in Südtirol online bestellen.","publisher":{"@id":"https:\/\/derpsairer.it\/it\/#organization"},"potentialAction":[{"@type":"SearchAction","target":{"@type":"EntryPoint","urlTemplate":"https:\/\/derpsairer.it\/it\/?s={search_term_string}"},"query-input":{"@type":"PropertyValueSpecification","valueRequired":true,"valueName":"search_term_string"}}],"inLanguage":"it-IT"},{"@type":"Organization","@id":"https:\/\/derpsairer.it\/it\/#organization","name":"Der Psairer - Speck, Wurst, Käse","url":"https:\/\/derpsairer.it\/it\/","logo":{"@type":"ImageObject","inLanguage":"it-IT","@id":"https:\/\/derpsairer.it\/it\/#\/schema\/logo\/image\/","url":"https:\/\/derpsairer.it\/wp-22\/wp-content\/uploads\/2020\/03\/DER-PSAIRER-LOGO-2x.png","contentUrl":"https:\/\/derpsairer.it\/wp-22\/wp-content\/uploads\/2020\/03\/DER-PSAIRER-LOGO-2x.png","width":500,"height":500,"caption":"Der Psairer - Speck, Wurst, Käse"},"image":{"@id":"https:\/\/derpsairer.it\/it\/#\/schema\/logo\/image\/"},"sameAs":["https:\/\/www.facebook.com\/profile.php?id=100063648246860"]}]}</script>
<!-- / Yoast SEO plugin. -->

Infuso di erbe di montagna – Benefico tè alle erbe delle Alpi - Der Psairer - Speck, Wurst, Käse

L'infuso di erbe di montagna Alpen è una miscela di erbe benefica con un aroma intenso, ideale per il relax e i momenti di piacere.

Der Psairer - Speck, Wurst, Käse

Speck, Wurst und Käs aus Passeiertal in Südtirol online bestellen.
